common factor of 205452 and 23868?
468
What is the highest common factor of 20610 and 195?
15
Calculate the highest common divisor of 113226 and 8814.
678
What is the greatest common factor of 213596 and 67?
67
Calculate the highest common factor of 318308 and 248.
124
What is the greatest common divisor of 7196 and 7453?
257
Calculate the highest common factor of 77254 and 428.
214
Calculate the highest common factor of 37555 and 805.
35
Calculate the greatest common divisor of 11830 and 30.
10
Calculate the greatest common factor of 107 and 18.
1
What is the highest common divisor of 525 and 58725?
75
What is the highest common divisor of 66240 and 135?
45
Calculate the highest common divisor of 3180 and 7860.
60
Calculate the highest common factor of 227 and 483283.
227
What is the greatest common factor of 2786159 and 163?
163
Calculate the highest common divisor of 881 and 4671943.
881
What is the highest common factor of 644912 and 544?
272
Calculate the highest common divisor of 472 and 98707.
59
Calculate the highest common divisor of 809810 and 470.
470
What is the highest common factor of 34485 and 150?
15
What is the highest common divisor of 442 and 106182?
34
What is the highest common divisor of 7912 and 2494?
86
What is the greatest common factor of 791 and 18871?
113
What is the highest common divisor of 895 and 262593?
179
What is the highest common factor of 364 and 37544?
52
Calculate the greatest common divisor of 93 and 68417.
31
Calculate the highest common factor of 4587310 and 21.
7
What is the highest common divisor of 5568 and 10788?
348
Calculate the greatest common divisor of 9700 and 9300.
100
Calculate the greatest common divisor of 291184 and 16.
16
What is the highest common factor of 8 and 10468?
4
What is the greatest common factor of 530 and 6190?
10
Calculate the greatest common factor of 110986 and 789.
263
Calculate the highest common factor of 110364 and 204.
204
What is the highest common divisor of 107 and 206?
1
Calculate the greatest common factor of 776352 and 24.
24
What is the greatest common factor of 6412 and 301?
7
Calculate the highest common factor of 527 and 27497.
31
Calculate the greatest common divisor of 299 and 9407.
23
What is the highest common divisor of 1960 and 28910?
490
Calculate the greatest common divisor of 870018 and 222.
222
What is the highest common factor of 92443 and 1014?
169
Calculate the highest common factor of 11764 and 612.
68
What is the highest common factor of 128790 and 3975?
795
Calculate the highest common divisor of 154 and 851686.
22
What is the highest common factor of 3228229 and 302?
151
What is the greatest common divisor of 54712 and 1288?
56
What is the highest common divisor of 869567 and 17?
17
Calculate the greatest common divisor of 976428 and 84.
12
What is the greatest common factor of 462 and 5478?
66
Calculate the highest common divisor of 6524 and 49.
7
Calculate the highest common factor of 12060 and 4690.
670
What is the greatest common factor of 261704 and 320?
8
What is the greatest common factor of 26 and 229346?
26
What is the highest common factor of 9639 and 1782?
81
What is the highest common divisor of 24696 and 2548?
196
What is the highest common factor of 1211302 and 166?
166
What is the greatest common divisor of 295462 and 194?
194
What is the greatest common divisor of 132 and 28284?
12
Calculate the greatest common divisor of 350 and 185626.
14
Calculate the highest common divisor of 202499 and 44.
11
What is the highest common divisor of 1333 and 16383?
43
Calculate the greatest common divisor of 11622 and 1043.
149
Calculate the highest common factor of 74 and 31561.
37
Calculate the highest common divisor of 2 and 4078.
2
Calculate the greatest common divisor of 14504906 and 13.
13
Calculate the greatest common divisor of 106887 and 237.
237
What is the greatest common factor of 74 and 69449?
37
Calculate the greatest common divisor of 88170 and 15.
15
What is the greatest common factor of 1036 and 53354?
518
Calculate the greatest common factor of 211072 and 153.
17
What is the highest common factor of 7695 and 38?
19
What is the greatest common divisor of 980 and 784490?
490
What is the greatest common factor of 75446 and 3808?
238
Calculate the greatest common factor of 1496 and 13816.
88
What is the highest common divisor of 1953 and 86149?
217
Calculate the greatest common divisor of 5274 and 432.
18
What is the greatest common factor of 10279 and 76?
19
What is the greatest common divisor of 216009 and 9?
9
Calculate the highest common factor of 310574 and 154.
22
What is the greatest common factor of 107898 and 32046?
294
What is the greatest common divisor of 65 and 46930?
65
Calculate the highest common factor of 3620 and 4780.
20
What is the highest common factor of 27342 and 10143?
441
Calculate the highest common factor of 19271 and 14.
7
What is the highest common divisor of 3451 and 1071?
119
What is the highest common divisor of 403 and 1339?
13
What is the highest common factor of 5254 and 301324?
142
What is the greatest common divisor of 93351 and 4551?
111
What is the highest common divisor of 714922 and 2418?
806
What is the greatest common divisor of 716796 and 84?
12
What is the highest common divisor of 18037 and 136?
17
What is the greatest common factor of 618017 and 237?
79
What is the highest common divisor of 5144270 and 615?
205
Calculate the highest common divisor of 1683711 and 3393.
261
Calculate the highest common divisor of 123 and 1947.
3
What is the highest common factor of 630 and 277690?
70
Calculate the highest common divisor of 364 and 1701.
7
Calculate the highest common divisor of 8960 and 4410.
70
What is the highest common divisor of 624 and 1680?
48
Calculate the highest common divisor of 18 and 17430.
6
What is the highest common factor of 9 and 7622730?
9
Calculate the highest common factor of 40091 and 1034.
47
What is the greatest common factor of 2443 and 21?
7
What is the greatest common factor of 2916 and 1741581?
729
Calculate the highest common divisor of 2598 and 96.
6
Calculate the highest common divisor of 808 and 1914354.
202
What is the highest common factor of 80 and 97780?
20
Calculate the greatest common factor of 27 and 10408.
1
Calculate the greatest common divisor of 109 and 108891.
109
Calculate the highest common factor of 6887 and 194.
97
What is the highest common factor of 384 and 156048?
48
Calculate the greatest common factor of 180 and 13180.
20
What is the greatest common factor of 11 and 661474?
11
What is the greatest common divisor of 1376 and 37648?
16
Calculate the greatest common factor of 1722 and 2688.
42
Calculate the highest common divisor of 1829130 and 570.
570
Calculate the highest common factor of 214812 and 1088.
68
What is the highest common divisor of 979 and 6347?
11
Calculate the highest common factor of 1175 and 15181.
47
What is the highest common divisor of 1632 and 714?
102
Calculate the greatest common divisor of 3276 and 228618.
234
What is the greatest common divisor of 4042 and 11008?
86
Calculate the highest common divisor of 79 and 6576197.
79
Calculate the highest common factor of 85696 and 1079.
13
Calculate the greatest common factor of 202078 and 7935.
529
What is the greatest common factor of 47502 and 1386?
126
What is the greatest common factor of 407520 and 540?
180
Calculate the highest common factor of 294602 and 4.
2
Calculate the highest common divisor of 1023 and 8547.
33
Calculate the greatest common factor of 372656 and 80.
16
What is the greatest common divisor of 84 and 30933?
21
What is the greatest common factor of 3481 and 472?
59
Calculate the greatest common factor of 1775 and 1625.
25
What is the greatest common divisor of 4636832 and 1504?
1504
Calculate the greatest common factor of 399 and 199101.
399
Calculate the greatest common divisor of 126 and 33502.
14
What is the greatest common factor of 30 and 930?
30
What is the highest common factor of 5484 and 2532?
12
What is the highest common divisor of 8800 and 128?
32
Calculate the greatest common factor of 60 and 13493460.
60
Calculate the highest common factor of 4425 and 30000.
75
Calculate the greatest common divisor of 9336 and 444.
12
